{"id":6802,"date":"2024-05-22T14:43:10","date_gmt":"2024-05-22T12:43:10","guid":{"rendered":"https:\/\/dev.cssr.be\/secondaire\/?page_id=6802"},"modified":"2025-06-17T13:58:44","modified_gmt":"2025-06-17T11:58:44","slug":"vie-au-quotidien","status":"publish","type":"page","link":"https:\/\/saintremaclestavelot.be\/secondaire\/notre-ecole\/vie-au-quotidien\/","title":{"rendered":"Vie au quotidien"},"content":{"rendered":"\t\t<div data-elementor-type=\"wp-page\" data-elementor-id=\"6802\" class=\"elementor elementor-6802\" data-elementor-post-type=\"page\">\n\t\t\t\t<div class=\"elementor-element elementor-element-53adf2ce e-flex e-con-boxed e-con e-parent\" data-id=\"53adf2ce\" data-element_type=\"container\" data-e-type=\"container\">\n\t\t\t\t\t<div class=\"e-con-inner\">\n\t\t\t\t<div class=\"elementor-element elementor-element-43de4f72 elementor-widget elementor-widget-spacer\" data-id=\"43de4f72\" data-element_type=\"widget\" data-e-type=\"widget\" data-widget_type=\"spacer.default\">\n\t\t\t\t<div class=\"elementor-widget-container\">\n\t\t\t\t\t\t\t<div class=\"elementor-spacer\">\n\t\t\t<div class=\"elementor-spacer-inner\"><\/div>\n\t\t<\/div>\n\t\t\t\t\t\t<\/div>\n\t\t\t\t<\/div>\n\t\t\t\t<div class=\"elementor-element elementor-element-2c7ebef4 elementor-widget elementor-widget-heading\" data-id=\"2c7ebef4\" data-element_type=\"widget\" data-e-type=\"widget\" data-widget_type=\"heading.default\">\n\t\t\t\t<div class=\"elementor-widget-container\">\n\t\t\t\t\t<h1 class=\"elementor-heading-title elementor-size-default\">Vie au quotidien<\/h1>\t\t\t\t<\/div>\n\t\t\t\t<\/div>\n\t\t\t\t\t<\/div>\n\t\t\t\t<\/div>\n\t\t<div class=\"elementor-element elementor-element-8a1ffce e-flex e-con-boxed e-con e-parent\" data-id=\"8a1ffce\" data-element_type=\"container\" data-e-type=\"container\">\n\t\t\t\t\t<div class=\"e-con-inner\">\n\t\t\t\t<div class=\"elementor-element elementor-element-1d2c4f9 elementor-widget elementor-widget-heading\" data-id=\"1d2c4f9\" data-element_type=\"widget\" data-e-type=\"widget\" data-widget_type=\"heading.default\">\n\t\t\t\t<div class=\"elementor-widget-container\">\n\t\t\t\t\t<h2 class=\"elementor-heading-title elementor-size-default\">Horaire de la semaine<\/h2>\t\t\t\t<\/div>\n\t\t\t\t<\/div>\n\t\t<div class=\"elementor-element elementor-element-cf60ec3 e-flex e-con-boxed e-con e-child\" data-id=\"cf60ec3\" data-element_type=\"container\" data-e-type=\"container\">\n\t\t\t\t\t<div class=\"e-con-inner\">\n\t\t<div class=\"elementor-element elementor-element-94fde46 e-flex e-con-boxed e-con e-child\" data-id=\"94fde46\" data-element_type=\"container\" data-e-type=\"container\">\n\t\t\t\t\t<div class=\"e-con-inner\">\n\t\t\t\t<div class=\"elementor-element elementor-element-371ef9b elementor-widget elementor-widget-text-editor\" data-id=\"371ef9b\" data-element_type=\"widget\" data-e-type=\"widget\" data-widget_type=\"text-editor.default\">\n\t\t\t\t<div class=\"elementor-widget-container\">\n\t\t\t\t\t\t\t\t\t<h3>Pour les 1<sup>\u00e8res<\/sup> &#8211; 2<sup>\u00e8mes<\/sup> &#8211; 3<sup>\u00e8mes<\/sup><\/h3><ul><li><strong>07h30<\/strong> : Accueil des \u00e9l\u00e8ves<\/li><li><strong>08h20<\/strong> : 1<sup>\u00e8re<\/sup> heure<\/li><li><strong>09:10<\/strong> : 2<sup>\u00e8me<\/sup> heure<\/li><li><strong>10h00 \u2192 10h15<\/strong> : R\u00e9cr\u00e9ation<\/li><li><strong>10h15<\/strong> : 3<sup>\u00e8me<\/sup> heure<\/li><li><strong>11h05<\/strong> : 4<sup>\u00e8me<\/sup> heure<\/li><li><strong>11h55<\/strong> : 5<sup>\u00e8me<\/sup> heure et\/ou d\u00eener 1<sup>er<\/sup> service (r\u00e9cr\u00e9ation)<\/li><li><strong>12h40<\/strong> : d\u00eener 2<sup>\u00e8me<\/sup> service <br \/><strong>Le mercredi d\u00e9part \u00e0 12h35<\/strong><\/li><li><strong>13h30<\/strong> : 6<sup>\u00e8me<\/sup> heure<\/li><li><strong>14h20<\/strong> : 7<sup>\u00e8me<\/sup> heure<\/li><li><strong>15h10<\/strong> : 8<sup>\u00e8me<\/sup> heure<\/li><li><strong>16h00<\/strong> : Fin des cours<\/li><\/ul>\t\t\t\t\t\t\t\t<\/div>\n\t\t\t\t<\/div>\n\t\t\t\t\t<\/div>\n\t\t\t\t<\/div>\n\t\t<div class=\"elementor-element elementor-element-1eb721e e-flex e-con-boxed e-con e-child\" data-id=\"1eb721e\" data-element_type=\"container\" data-e-type=\"container\">\n\t\t\t\t\t<div class=\"e-con-inner\">\n\t\t\t\t<div class=\"elementor-element elementor-element-96a9131 elementor-widget elementor-widget-text-editor\" data-id=\"96a9131\" data-element_type=\"widget\" data-e-type=\"widget\" data-widget_type=\"text-editor.default\">\n\t\t\t\t<div class=\"elementor-widget-container\">\n\t\t\t\t\t\t\t\t\t<h3>Pour les 4<sup>\u00e8res<\/sup>\u00a0&#8211; 5<sup>\u00e8mes<\/sup>\u00a0&#8211; 6<sup>\u00e8mes<\/sup><\/h3><ul><li><strong>07h30<\/strong>\u00a0: Accueil des \u00e9l\u00e8ves<\/li><li><strong>08h20<\/strong>\u00a0: 1<sup>\u00e8re<\/sup>\u00a0heure<\/li><li><strong>09:10<\/strong>\u00a0: 2<sup>\u00e8me<\/sup>\u00a0heure<\/li><li><strong>10h00<\/strong>\u00a0:\u00a03<sup>\u00e8me<\/sup>\u00a0heure<\/li><li><strong>10h50 \u2192 11h05<\/strong>\u00a0: R\u00e9cr\u00e9ation<\/li><li><strong>11h05<\/strong>\u00a0: 4<sup>\u00e8me<\/sup>\u00a0heure<\/li><li><strong>11h55<\/strong>\u00a0: 5<sup>\u00e8me<\/sup>\u00a0heure<\/li><li><strong>12h40<\/strong>\u00a0: d\u00eener<br \/><strong>Le mercredi d\u00e9part \u00e0 12h35<\/strong><\/li><li><strong>13h30<\/strong>\u00a0: 6<sup>\u00e8me<\/sup>\u00a0heure<\/li><li><strong>14h20<\/strong>\u00a0: 7<sup>\u00e8me<\/sup>\u00a0heure<\/li><li><strong>15h10<\/strong>\u00a0: 8<sup>\u00e8me<\/sup>\u00a0heure<\/li><li><strong>16h00<\/strong>\u00a0: Fin des cours<\/li><\/ul>\t\t\t\t\t\t\t\t<\/div>\n\t\t\t\t<\/div>\n\t\t\t\t\t<\/div>\n\t\t\t\t<\/div>\n\t\t\t\t\t<\/div>\n\t\t\t\t<\/div>\n\t\t<div class=\"elementor-element elementor-element-aaa7638 e-flex e-con-boxed e-con e-child\" data-id=\"aaa7638\" data-element_type=\"container\" data-e-type=\"container\">\n\t\t\t\t\t<div class=\"e-con-inner\">\n\t\t\t\t<div class=\"elementor-element elementor-element-24612c2 elementor-widget elementor-widget-text-editor\" data-id=\"24612c2\" data-element_type=\"widget\" data-e-type=\"widget\" data-widget_type=\"text-editor.default\">\n\t\t\t\t<div class=\"elementor-widget-container\">\n\t\t\t\t\t\t\t\t\t<p>Pour les \u00e9l\u00e8ves qui restent \u00e0 l&rsquo;\u00e9tude les lundis, mardis et jeudis :\u00a0<\/p><ul><li><strong>16h00<\/strong> : r\u00e9cr\u00e9ation<\/li><li><strong>16h15<\/strong> : \u00e9tude<\/li><li>D\u00e8s <strong>17h00<\/strong> : d\u00e9part selon les bus<\/li><li><strong>17h30<\/strong> : fin de l&rsquo;\u00e9tude<\/li><\/ul>\t\t\t\t\t\t\t\t<\/div>\n\t\t\t\t<\/div>\n\t\t\t\t\t<\/div>\n\t\t\t\t<\/div>\n\t\t\t\t\t<\/div>\n\t\t\t\t<\/div>\n\t\t<div class=\"elementor-element elementor-element-f58936f e-flex e-con-boxed e-con e-parent\" data-id=\"f58936f\" data-element_type=\"container\" data-e-type=\"container\">\n\t\t\t\t\t<div class=\"e-con-inner\">\n\t\t\t\t<div class=\"elementor-element elementor-element-e710a0f elementor-widget elementor-widget-heading\" data-id=\"e710a0f\" data-element_type=\"widget\" data-e-type=\"widget\" data-widget_type=\"heading.default\">\n\t\t\t\t<div class=\"elementor-widget-container\">\n\t\t\t\t\t<h2 class=\"elementor-heading-title elementor-size-default\">Restauration<\/h2>\t\t\t\t<\/div>\n\t\t\t\t<\/div>\n\t\t\t\t<div class=\"elementor-element elementor-element-c999268 elementor-widget elementor-widget-heading\" data-id=\"c999268\" data-element_type=\"widget\" data-e-type=\"widget\" data-widget_type=\"heading.default\">\n\t\t\t\t<div class=\"elementor-widget-container\">\n\t\t\t\t\t<h3 class=\"elementor-heading-title elementor-size-default\">Menu de la semaine<\/h3>\t\t\t\t<\/div>\n\t\t\t\t<\/div>\n\t\t\t\t<div class=\"elementor-element elementor-element-0817323 elementor-widget elementor-widget-image\" data-id=\"0817323\" data-element_type=\"widget\" data-e-type=\"widget\" data-widget_type=\"image.default\">\n\t\t\t\t<div class=\"elementor-widget-container\">\n\t\t\t\t\t\t\t\t\t\t\t\t\t\t\t<img decoding=\"async\" src=\"https:\/\/menu.cssr.be\/menu.png\" title=\"\" alt=\"\" loading=\"lazy\" \/>\t\t\t\t\t\t\t\t\t\t\t\t\t\t\t<\/div>\n\t\t\t\t<\/div>\n\t\t\t\t\t<\/div>\n\t\t\t\t<\/div>\n\t\t\t\t<\/div>\n\t\t","protected":false},"excerpt":{"rendered":"<p>Vie au quotidien Horaire de la semaine Pour les 1\u00e8res &#8211; 2\u00e8mes &#8211; 3\u00e8mes 07h30 : Accueil des \u00e9l\u00e8ves 08h20 : 1\u00e8re heure 09:10 : 2\u00e8me heure 10h00 \u2192 10h15 : R\u00e9cr\u00e9ation 10h15 : 3\u00e8me heure 11h05 : 4\u00e8me heure 11h55 : 5\u00e8me heure et\/ou d\u00eener 1er service (r\u00e9cr\u00e9ation) 12h40 : d\u00eener 2\u00e8me service Le [&hellip;]<\/p>\n","protected":false},"author":1,"featured_media":0,"parent":218,"menu_order":0,"comment_status":"closed","ping_status":"closed","template":"","meta":{"iawp_total_views":966,"footnotes":""},"class_list":["post-6802","page","type-page","status-publish","hentry"],"_links":{"self":[{"href":"https:\/\/saintremaclestavelot.be\/secondaire\/wp-json\/wp\/v2\/pages\/6802","targetHints":{"allow":["GET"]}}],"collection":[{"href":"https:\/\/saintremaclestavelot.be\/secondaire\/wp-json\/wp\/v2\/pages"}],"about":[{"href":"https:\/\/saintremaclestavelot.be\/secondaire\/wp-json\/wp\/v2\/types\/page"}],"author":[{"embeddable":true,"href":"https:\/\/saintremaclestavelot.be\/secondaire\/wp-json\/wp\/v2\/users\/1"}],"replies":[{"embeddable":true,"href":"https:\/\/saintremaclestavelot.be\/secondaire\/wp-json\/wp\/v2\/comments?post=6802"}],"version-history":[{"count":22,"href":"https:\/\/saintremaclestavelot.be\/secondaire\/wp-json\/wp\/v2\/pages\/6802\/revisions"}],"predecessor-version":[{"id":8936,"href":"https:\/\/saintremaclestavelot.be\/secondaire\/wp-json\/wp\/v2\/pages\/6802\/revisions\/8936"}],"up":[{"embeddable":true,"href":"https:\/\/saintremaclestavelot.be\/secondaire\/wp-json\/wp\/v2\/pages\/218"}],"wp:attachment":[{"href":"https:\/\/saintremaclestavelot.be\/secondaire\/wp-json\/wp\/v2\/media?parent=6802"}],"curies":[{"name":"wp","href":"https:\/\/api.w.org\/{rel}","templated":true}]}}