{"id":316,"date":"2024-05-14T11:31:33","date_gmt":"2024-05-14T09:31:33","guid":{"rendered":"https:\/\/dev.cssr.be\/secondaire\/?page_id=316"},"modified":"2025-01-13T10:10:54","modified_gmt":"2025-01-13T09:10:54","slug":"projet-detablissement","status":"publish","type":"page","link":"https:\/\/saintremaclestavelot.be\/secondaire\/notre-ecole\/projets\/projet-detablissement\/","title":{"rendered":"Projet d&rsquo;\u00e9tablissement"},"content":{"rendered":"\t\t<div data-elementor-type=\"wp-page\" data-elementor-id=\"316\" class=\"elementor elementor-316\" data-elementor-post-type=\"page\">\n\t\t\t\t<div class=\"elementor-element elementor-element-a50b7bf e-flex e-con-boxed e-con e-parent\" data-id=\"a50b7bf\" data-element_type=\"container\" data-e-type=\"container\">\n\t\t\t\t\t<div class=\"e-con-inner\">\n\t\t\t\t<div class=\"elementor-element elementor-element-ac7f39b elementor-widget elementor-widget-spacer\" data-id=\"ac7f39b\" data-element_type=\"widget\" data-e-type=\"widget\" data-widget_type=\"spacer.default\">\n\t\t\t\t<div class=\"elementor-widget-container\">\n\t\t\t\t\t\t\t<div class=\"elementor-spacer\">\n\t\t\t<div class=\"elementor-spacer-inner\"><\/div>\n\t\t<\/div>\n\t\t\t\t\t\t<\/div>\n\t\t\t\t<\/div>\n\t\t\t\t<div class=\"elementor-element elementor-element-bcbc300 elementor-widget elementor-widget-heading\" data-id=\"bcbc300\" data-element_type=\"widget\" data-e-type=\"widget\" data-widget_type=\"heading.default\">\n\t\t\t\t<div class=\"elementor-widget-container\">\n\t\t\t\t\t<h1 class=\"elementor-heading-title elementor-size-default\">PROJET D\u2019\u00c9TABLISSEMENT<\/h1>\t\t\t\t<\/div>\n\t\t\t\t<\/div>\n\t\t\t\t\t<\/div>\n\t\t\t\t<\/div>\n\t\t<div class=\"elementor-element elementor-element-82f05c4 e-flex e-con-boxed e-con e-parent\" data-id=\"82f05c4\" data-element_type=\"container\" data-e-type=\"container\">\n\t\t\t\t\t<div class=\"e-con-inner\">\n\t\t<div class=\"elementor-element elementor-element-b326993 e-con-full e-flex e-con e-child\" data-id=\"b326993\" data-element_type=\"container\" data-e-type=\"container\">\n\t\t\t\t<div class=\"elementor-element elementor-element-5603f75 elementor-widget__width-initial elementor-widget elementor-widget-image\" data-id=\"5603f75\" data-element_type=\"widget\" data-e-type=\"widget\" data-widget_type=\"image.default\">\n\t\t\t\t<div class=\"elementor-widget-container\">\n\t\t\t\t\t\t\t\t\t\t\t\t\t\t\t<img decoding=\"async\" width=\"150\" height=\"246\" src=\"https:\/\/saintremaclestavelot.be\/secondaire\/wp-content\/uploads\/sites\/2\/2024\/05\/1.png\" class=\"attachment-medium size-medium wp-image-322\" alt=\"\" \/>\t\t\t\t\t\t\t\t\t\t\t\t\t\t\t<\/div>\n\t\t\t\t<\/div>\n\t\t\t\t<\/div>\n\t\t<div class=\"elementor-element elementor-element-ad95e93 e-con-full e-flex e-con e-child\" data-id=\"ad95e93\" data-element_type=\"container\" data-e-type=\"container\">\n\t\t\t\t<div class=\"elementor-element elementor-element-29d2e76 elementor-widget elementor-widget-text-editor\" data-id=\"29d2e76\" data-element_type=\"widget\" data-e-type=\"widget\" data-widget_type=\"text-editor.default\">\n\t\t\t\t<div class=\"elementor-widget-container\">\n\t\t\t\t\t\t\t\t\t<p>NOTRE \u00c9COLE SOUHAITE QUE CHAQUE \u00c9L\u00c8VE PUISSE \u00c9LABORER SON PROJET PERSONNEL ET S&rsquo;ORIENTER AU MIEUX.<\/p>\t\t\t\t\t\t\t\t<\/div>\n\t\t\t\t<\/div>\n\t\t\t\t<div class=\"elementor-element elementor-element-11a2c5f elementor-widget elementor-widget-text-editor\" data-id=\"11a2c5f\" data-element_type=\"widget\" data-e-type=\"widget\" data-widget_type=\"text-editor.default\">\n\t\t\t\t<div class=\"elementor-widget-container\">\n\t\t\t\t\t\t\t\t\t<p><strong>NOUS VOULONS&#8230;<br \/><\/strong>que chaque \u00e9l\u00e8ves, tout au long de son parcours scolaire, ait une id\u00e9e de son avenir et fasse \u00e9galement son meilleur choix d&rsquo;orientation.<\/p>\t\t\t\t\t\t\t\t<\/div>\n\t\t\t\t<\/div>\n\t\t\t\t<\/div>\n\t\t\t\t\t<\/div>\n\t\t\t\t<\/div>\n\t\t<div class=\"elementor-element elementor-element-82e5869 e-flex e-con-boxed e-con e-parent\" data-id=\"82e5869\" data-element_type=\"container\" data-e-type=\"container\">\n\t\t\t\t\t<div class=\"e-con-inner\">\n\t\t<div class=\"elementor-element elementor-element-5b7534f e-con-full e-flex e-con e-child\" data-id=\"5b7534f\" data-element_type=\"container\" data-e-type=\"container\">\n\t\t\t\t<div class=\"elementor-element elementor-element-9132ea9 elementor-widget__width-initial elementor-widget elementor-widget-image\" data-id=\"9132ea9\" data-element_type=\"widget\" data-e-type=\"widget\" data-widget_type=\"image.default\">\n\t\t\t\t<div class=\"elementor-widget-container\">\n\t\t\t\t\t\t\t\t\t\t\t\t\t\t\t<img decoding=\"async\" width=\"182\" height=\"234\" src=\"https:\/\/saintremaclestavelot.be\/secondaire\/wp-content\/uploads\/sites\/2\/2024\/05\/2.png\" class=\"attachment-medium size-medium wp-image-323\" alt=\"\" \/>\t\t\t\t\t\t\t\t\t\t\t\t\t\t\t<\/div>\n\t\t\t\t<\/div>\n\t\t\t\t<\/div>\n\t\t<div class=\"elementor-element elementor-element-7380a17 e-con-full e-flex e-con e-child\" data-id=\"7380a17\" data-element_type=\"container\" data-e-type=\"container\">\n\t\t\t\t<div class=\"elementor-element elementor-element-5f06a97 elementor-widget elementor-widget-text-editor\" data-id=\"5f06a97\" data-element_type=\"widget\" data-e-type=\"widget\" data-widget_type=\"text-editor.default\">\n\t\t\t\t<div class=\"elementor-widget-container\">\n\t\t\t\t\t\t\t\t\t<p>NOTRE \u00c9COLE AM\u00c8NE CHAQUE \u00c9L\u00c8VE \u00c0 PRENDRE DES RESPONSABILIT\u00c9S ET \u00c0 D\u00c9VELOPPER SON AUTONOMIE.<\/p>\t\t\t\t\t\t\t\t<\/div>\n\t\t\t\t<\/div>\n\t\t\t\t<div class=\"elementor-element elementor-element-f60615b elementor-widget elementor-widget-text-editor\" data-id=\"f60615b\" data-element_type=\"widget\" data-e-type=\"widget\" data-widget_type=\"text-editor.default\">\n\t\t\t\t<div class=\"elementor-widget-container\">\n\t\t\t\t\t\t\t\t\t<p><strong>NOUS VOULONS&#8230;<br \/><\/strong>que l&rsquo;\u00e9l\u00e8ve soit capable d&rsquo;assumer des projets individuels et collectifs.<\/p>\t\t\t\t\t\t\t\t<\/div>\n\t\t\t\t<\/div>\n\t\t\t\t<\/div>\n\t\t\t\t\t<\/div>\n\t\t\t\t<\/div>\n\t\t<div class=\"elementor-element elementor-element-e98f852 e-flex e-con-boxed e-con e-parent\" data-id=\"e98f852\" data-element_type=\"container\" data-e-type=\"container\">\n\t\t\t\t\t<div class=\"e-con-inner\">\n\t\t<div class=\"elementor-element elementor-element-062afbe e-con-full e-flex e-con e-child\" data-id=\"062afbe\" data-element_type=\"container\" data-e-type=\"container\">\n\t\t\t\t<div class=\"elementor-element elementor-element-9dae54e elementor-widget__width-initial elementor-widget elementor-widget-image\" data-id=\"9dae54e\" data-element_type=\"widget\" data-e-type=\"widget\" data-widget_type=\"image.default\">\n\t\t\t\t<div class=\"elementor-widget-container\">\n\t\t\t\t\t\t\t\t\t\t\t\t\t\t\t<img decoding=\"async\" width=\"162\" height=\"300\" src=\"https:\/\/saintremaclestavelot.be\/secondaire\/wp-content\/uploads\/sites\/2\/2024\/05\/3.png\" class=\"attachment-medium size-medium wp-image-324\" alt=\"\" \/>\t\t\t\t\t\t\t\t\t\t\t\t\t\t\t<\/div>\n\t\t\t\t<\/div>\n\t\t\t\t<\/div>\n\t\t<div class=\"elementor-element elementor-element-6c33d9e e-con-full e-flex e-con e-child\" data-id=\"6c33d9e\" data-element_type=\"container\" data-e-type=\"container\">\n\t\t\t\t<div class=\"elementor-element elementor-element-2b1a5fb elementor-widget elementor-widget-text-editor\" data-id=\"2b1a5fb\" data-element_type=\"widget\" data-e-type=\"widget\" data-widget_type=\"text-editor.default\">\n\t\t\t\t<div class=\"elementor-widget-container\">\n\t\t\t\t\t\t\t\t\t<p>notre \u00e9cole veille \u00e0 l&rsquo;accueil de chacun et se veut un lieu de vie agr\u00e9able, serein et convivial<\/p>\t\t\t\t\t\t\t\t<\/div>\n\t\t\t\t<\/div>\n\t\t\t\t<div class=\"elementor-element elementor-element-64eace4 elementor-widget elementor-widget-text-editor\" data-id=\"64eace4\" data-element_type=\"widget\" data-e-type=\"widget\" data-widget_type=\"text-editor.default\">\n\t\t\t\t<div class=\"elementor-widget-container\">\n\t\t\t\t\t\t\t\t\t<p><strong>NOUS VOULONS&#8230;<br \/><\/strong>que l&rsquo;\u00e9cole soit un environnement o\u00f9 l&rsquo;\u00e9l\u00e8ve se sent accueilli, \u00e0 l&rsquo;aise, afin de trouver la motivation et l&rsquo;\u00e9nergie n\u00e9cessaires \u00e0 ses \u00e9tudes.<\/p>\t\t\t\t\t\t\t\t<\/div>\n\t\t\t\t<\/div>\n\t\t\t\t<\/div>\n\t\t\t\t\t<\/div>\n\t\t\t\t<\/div>\n\t\t<div class=\"elementor-element elementor-element-f7e6de6 e-flex e-con-boxed e-con e-parent\" data-id=\"f7e6de6\" data-element_type=\"container\" data-e-type=\"container\">\n\t\t\t\t\t<div class=\"e-con-inner\">\n\t\t<div class=\"elementor-element elementor-element-288bf85 e-con-full e-flex e-con e-child\" data-id=\"288bf85\" data-element_type=\"container\" data-e-type=\"container\">\n\t\t\t\t<div class=\"elementor-element elementor-element-55e5511 elementor-widget__width-initial elementor-widget elementor-widget-image\" data-id=\"55e5511\" data-element_type=\"widget\" data-e-type=\"widget\" data-widget_type=\"image.default\">\n\t\t\t\t<div class=\"elementor-widget-container\">\n\t\t\t\t\t\t\t\t\t\t\t\t\t\t\t<img loading=\"lazy\" decoding=\"async\" width=\"188\" height=\"295\" src=\"https:\/\/saintremaclestavelot.be\/secondaire\/wp-content\/uploads\/sites\/2\/2024\/05\/4.png\" class=\"attachment-medium size-medium wp-image-325\" alt=\"\" \/>\t\t\t\t\t\t\t\t\t\t\t\t\t\t\t<\/div>\n\t\t\t\t<\/div>\n\t\t\t\t<\/div>\n\t\t<div class=\"elementor-element elementor-element-822bbbf e-con-full e-flex e-con e-child\" data-id=\"822bbbf\" data-element_type=\"container\" data-e-type=\"container\">\n\t\t\t\t<div class=\"elementor-element elementor-element-310489c elementor-widget elementor-widget-text-editor\" data-id=\"310489c\" data-element_type=\"widget\" data-e-type=\"widget\" data-widget_type=\"text-editor.default\">\n\t\t\t\t<div class=\"elementor-widget-container\">\n\t\t\t\t\t\t\t\t\t<p>notre \u00e9cole donne \u00e0 l&rsquo;\u00e9l\u00e8ve la possibilit\u00e9 de devenir l&rsquo;artisan de son \u00e9panouissement personnel.<\/p>\t\t\t\t\t\t\t\t<\/div>\n\t\t\t\t<\/div>\n\t\t\t\t<div class=\"elementor-element elementor-element-9ac5b45 elementor-widget elementor-widget-text-editor\" data-id=\"9ac5b45\" data-element_type=\"widget\" data-e-type=\"widget\" data-widget_type=\"text-editor.default\">\n\t\t\t\t<div class=\"elementor-widget-container\">\n\t\t\t\t\t\t\t\t\t<p><strong>NOUS VOULONS&#8230;<br \/><\/strong>que l&rsquo;\u00e9cole soit un lieu de d\u00e9veloppement complet de la personne.<\/p>\t\t\t\t\t\t\t\t<\/div>\n\t\t\t\t<\/div>\n\t\t\t\t<\/div>\n\t\t\t\t\t<\/div>\n\t\t\t\t<\/div>\n\t\t<div class=\"elementor-element elementor-element-f28fd7e e-flex e-con-boxed e-con e-parent\" data-id=\"f28fd7e\" data-element_type=\"container\" data-e-type=\"container\">\n\t\t\t\t\t<div class=\"e-con-inner\">\n\t\t<div class=\"elementor-element elementor-element-532f7a7 e-con-full e-flex e-con e-child\" data-id=\"532f7a7\" data-element_type=\"container\" data-e-type=\"container\">\n\t\t\t\t<div class=\"elementor-element elementor-element-4aea4bd elementor-widget__width-initial elementor-widget elementor-widget-image\" data-id=\"4aea4bd\" data-element_type=\"widget\" data-e-type=\"widget\" data-widget_type=\"image.default\">\n\t\t\t\t<div class=\"elementor-widget-container\">\n\t\t\t\t\t\t\t\t\t\t\t\t\t\t\t<img loading=\"lazy\" decoding=\"async\" width=\"146\" height=\"253\" src=\"https:\/\/saintremaclestavelot.be\/secondaire\/wp-content\/uploads\/sites\/2\/2024\/05\/5.png\" class=\"attachment-medium size-medium wp-image-326\" alt=\"\" \/>\t\t\t\t\t\t\t\t\t\t\t\t\t\t\t<\/div>\n\t\t\t\t<\/div>\n\t\t\t\t<\/div>\n\t\t<div class=\"elementor-element elementor-element-1cf43a0 e-con-full e-flex e-con e-child\" data-id=\"1cf43a0\" data-element_type=\"container\" data-e-type=\"container\">\n\t\t\t\t<div class=\"elementor-element elementor-element-ef3cd97 elementor-widget elementor-widget-text-editor\" data-id=\"ef3cd97\" data-element_type=\"widget\" data-e-type=\"widget\" data-widget_type=\"text-editor.default\">\n\t\t\t\t<div class=\"elementor-widget-container\">\n\t\t\t\t\t\t\t\t\t<p>notre \u00e9cole cherche \u00e0 d\u00e9velopper le respect de l&rsquo;autre<\/p>\t\t\t\t\t\t\t\t<\/div>\n\t\t\t\t<\/div>\n\t\t\t\t<div class=\"elementor-element elementor-element-bf8b2c9 elementor-widget elementor-widget-text-editor\" data-id=\"bf8b2c9\" data-element_type=\"widget\" data-e-type=\"widget\" data-widget_type=\"text-editor.default\">\n\t\t\t\t<div class=\"elementor-widget-container\">\n\t\t\t\t\t\t\t\t\t<p><strong>NOUS VOULONS&#8230;<br \/><\/strong>encourager l&rsquo;\u00e9coute, les attitudes et les paroles respectueuses de toute personne, pratiquer le dialogue \u00e0 tous les niveaux de la vie scolaire et favoriser la convivialit\u00e9 par des rencontres enrichissantes et par des am\u00e9nagements mat\u00e9riels.<\/p>\t\t\t\t\t\t\t\t<\/div>\n\t\t\t\t<\/div>\n\t\t\t\t<\/div>\n\t\t\t\t\t<\/div>\n\t\t\t\t<\/div>\n\t\t<div class=\"elementor-element elementor-element-dba5dc4 e-flex e-con-boxed e-con e-parent\" data-id=\"dba5dc4\" data-element_type=\"container\" data-e-type=\"container\">\n\t\t\t\t\t<div class=\"e-con-inner\">\n\t\t<div class=\"elementor-element elementor-element-a07b308 e-con-full e-flex e-con e-child\" data-id=\"a07b308\" data-element_type=\"container\" data-e-type=\"container\">\n\t\t\t\t<div class=\"elementor-element elementor-element-bd37818 elementor-widget__width-auto elementor-widget elementor-widget-image\" data-id=\"bd37818\" data-element_type=\"widget\" data-e-type=\"widget\" data-widget_type=\"image.default\">\n\t\t\t\t<div class=\"elementor-widget-container\">\n\t\t\t\t\t\t\t\t\t\t\t\t\t\t\t<img loading=\"lazy\" decoding=\"async\" width=\"298\" height=\"174\" src=\"https:\/\/saintremaclestavelot.be\/secondaire\/wp-content\/uploads\/sites\/2\/2024\/05\/6.png\" class=\"attachment-medium size-medium wp-image-327\" alt=\"\" \/>\t\t\t\t\t\t\t\t\t\t\t\t\t\t\t<\/div>\n\t\t\t\t<\/div>\n\t\t\t\t<\/div>\n\t\t<div class=\"elementor-element elementor-element-1cd0e80 e-con-full e-flex e-con e-child\" data-id=\"1cd0e80\" data-element_type=\"container\" data-e-type=\"container\">\n\t\t\t\t<div class=\"elementor-element elementor-element-56be7de elementor-widget elementor-widget-text-editor\" data-id=\"56be7de\" data-element_type=\"widget\" data-e-type=\"widget\" data-widget_type=\"text-editor.default\">\n\t\t\t\t<div class=\"elementor-widget-container\">\n\t\t\t\t\t\t\t\t\t<p>notre \u00e9cole tient \u00e0 rendre possibles \u00e9changes et relations entre les diff\u00e9rentes composantes de l&rsquo;\u00e9cole<\/p>\t\t\t\t\t\t\t\t<\/div>\n\t\t\t\t<\/div>\n\t\t\t\t<div class=\"elementor-element elementor-element-95bc5fb elementor-widget elementor-widget-text-editor\" data-id=\"95bc5fb\" data-element_type=\"widget\" data-e-type=\"widget\" data-widget_type=\"text-editor.default\">\n\t\t\t\t<div class=\"elementor-widget-container\">\n\t\t\t\t\t\t\t\t\t<p><strong>NOUS VOULONS&#8230;<\/strong><\/p><ul><li>que les relations et les contacts soient am\u00e9lior\u00e9s afin que chacun puisse \u00eatre entendu.<\/li><li>que chacun se soucie du bien commun et du bien d&rsquo;autrui, trouve le juste \u00e9quilibre entre le bien commun et son projet personnel<\/li><\/ul>\t\t\t\t\t\t\t\t<\/div>\n\t\t\t\t<\/div>\n\t\t\t\t<\/div>\n\t\t\t\t\t<\/div>\n\t\t\t\t<\/div>\n\t\t<div class=\"elementor-element elementor-element-6726cbc e-flex e-con-boxed e-con e-parent\" data-id=\"6726cbc\" data-element_type=\"container\" data-e-type=\"container\">\n\t\t\t\t\t<div class=\"e-con-inner\">\n\t\t<div class=\"elementor-element elementor-element-261c44b e-con-full e-flex e-con e-child\" data-id=\"261c44b\" data-element_type=\"container\" data-e-type=\"container\">\n\t\t\t\t<div class=\"elementor-element elementor-element-d63fc72 elementor-widget__width-initial elementor-widget elementor-widget-image\" data-id=\"d63fc72\" data-element_type=\"widget\" data-e-type=\"widget\" data-widget_type=\"image.default\">\n\t\t\t\t<div class=\"elementor-widget-container\">\n\t\t\t\t\t\t\t\t\t\t\t\t\t\t\t<img loading=\"lazy\" decoding=\"async\" width=\"106\" height=\"289\" src=\"https:\/\/saintremaclestavelot.be\/secondaire\/wp-content\/uploads\/sites\/2\/2024\/05\/7.png\" class=\"attachment-medium size-medium wp-image-328\" alt=\"\" \/>\t\t\t\t\t\t\t\t\t\t\t\t\t\t\t<\/div>\n\t\t\t\t<\/div>\n\t\t\t\t<\/div>\n\t\t<div class=\"elementor-element elementor-element-e385ae2 e-con-full e-flex e-con e-child\" data-id=\"e385ae2\" data-element_type=\"container\" data-e-type=\"container\">\n\t\t\t\t<div class=\"elementor-element elementor-element-1a09005 elementor-widget elementor-widget-text-editor\" data-id=\"1a09005\" data-element_type=\"widget\" data-e-type=\"widget\" data-widget_type=\"text-editor.default\">\n\t\t\t\t<div class=\"elementor-widget-container\">\n\t\t\t\t\t\t\t\t\t<p>notre \u00e9cole met en place ce qu&rsquo;il faut pour aider l&rsquo;\u00e9l\u00e8ve \u00e0 organiser correctement le travail scolaire<\/p>\t\t\t\t\t\t\t\t<\/div>\n\t\t\t\t<\/div>\n\t\t\t\t<div class=\"elementor-element elementor-element-a847baa elementor-widget elementor-widget-text-editor\" data-id=\"a847baa\" data-element_type=\"widget\" data-e-type=\"widget\" data-widget_type=\"text-editor.default\">\n\t\t\t\t<div class=\"elementor-widget-container\">\n\t\t\t\t\t\t\t\t\t<p><strong>NOUS VOULONS&#8230;<br \/><\/strong>encourager l&rsquo;exigence personnelle.<\/p>\t\t\t\t\t\t\t\t<\/div>\n\t\t\t\t<\/div>\n\t\t\t\t<\/div>\n\t\t\t\t\t<\/div>\n\t\t\t\t<\/div>\n\t\t<div class=\"elementor-element elementor-element-627173b e-flex e-con-boxed e-con e-parent\" data-id=\"627173b\" data-element_type=\"container\" data-e-type=\"container\">\n\t\t\t\t\t<div class=\"e-con-inner\">\n\t\t<div class=\"elementor-element elementor-element-d3260b3 e-con-full e-flex e-con e-child\" data-id=\"d3260b3\" data-element_type=\"container\" data-e-type=\"container\">\n\t\t\t\t<div class=\"elementor-element elementor-element-22d1f52 elementor-widget__width-initial elementor-widget elementor-widget-image\" data-id=\"22d1f52\" data-element_type=\"widget\" data-e-type=\"widget\" data-widget_type=\"image.default\">\n\t\t\t\t<div class=\"elementor-widget-container\">\n\t\t\t\t\t\t\t\t\t\t\t\t\t\t\t<img loading=\"lazy\" decoding=\"async\" width=\"127\" height=\"257\" src=\"https:\/\/saintremaclestavelot.be\/secondaire\/wp-content\/uploads\/sites\/2\/2024\/05\/8.png\" class=\"attachment-medium size-medium wp-image-329\" alt=\"\" \/>\t\t\t\t\t\t\t\t\t\t\t\t\t\t\t<\/div>\n\t\t\t\t<\/div>\n\t\t\t\t<\/div>\n\t\t<div class=\"elementor-element elementor-element-9d403ed e-con-full e-flex e-con e-child\" data-id=\"9d403ed\" data-element_type=\"container\" data-e-type=\"container\">\n\t\t\t\t<div class=\"elementor-element elementor-element-e7dbbab elementor-widget elementor-widget-text-editor\" data-id=\"e7dbbab\" data-element_type=\"widget\" data-e-type=\"widget\" data-widget_type=\"text-editor.default\">\n\t\t\t\t<div class=\"elementor-widget-container\">\n\t\t\t\t\t\t\t\t\t<p>notre \u00e9cole propose une d\u00e9marche de spiritualit\u00e9<\/p>\t\t\t\t\t\t\t\t<\/div>\n\t\t\t\t<\/div>\n\t\t\t\t<div class=\"elementor-element elementor-element-a8bfdfa elementor-widget elementor-widget-text-editor\" data-id=\"a8bfdfa\" data-element_type=\"widget\" data-e-type=\"widget\" data-widget_type=\"text-editor.default\">\n\t\t\t\t<div class=\"elementor-widget-container\">\n\t\t\t\t\t\t\t\t\t<p><strong>NOUS VOULONS&#8230;<br \/><\/strong>que chaque \u00e9l\u00e8ve ait la possibilit\u00e9 de r\u00e9fl\u00e9chir \u00e0 des choix de vie, des engagements qui sont inspir\u00e9s par le message de l&rsquo;\u00e9vangile.<\/p>\t\t\t\t\t\t\t\t<\/div>\n\t\t\t\t<\/div>\n\t\t\t\t<\/div>\n\t\t\t\t\t<\/div>\n\t\t\t\t<\/div>\n\t\t<div class=\"elementor-element elementor-element-2861597 e-flex e-con-boxed e-con e-parent\" data-id=\"2861597\" data-element_type=\"container\" data-e-type=\"container\">\n\t\t\t\t\t<div class=\"e-con-inner\">\n\t\t<div class=\"elementor-element elementor-element-d6434c9 e-con-full e-flex e-con e-child\" data-id=\"d6434c9\" data-element_type=\"container\" data-e-type=\"container\">\n\t\t\t\t<div class=\"elementor-element elementor-element-2a4819a elementor-widget__width-initial elementor-widget elementor-widget-image\" data-id=\"2a4819a\" data-element_type=\"widget\" data-e-type=\"widget\" data-widget_type=\"image.default\">\n\t\t\t\t<div class=\"elementor-widget-container\">\n\t\t\t\t\t\t\t\t\t\t\t\t\t\t\t<img loading=\"lazy\" decoding=\"async\" width=\"166\" height=\"251\" src=\"https:\/\/saintremaclestavelot.be\/secondaire\/wp-content\/uploads\/sites\/2\/2024\/05\/9.png\" class=\"attachment-medium size-medium wp-image-330\" alt=\"\" \/>\t\t\t\t\t\t\t\t\t\t\t\t\t\t\t<\/div>\n\t\t\t\t<\/div>\n\t\t\t\t<\/div>\n\t\t<div class=\"elementor-element elementor-element-c4dd647 e-con-full e-flex e-con e-child\" data-id=\"c4dd647\" data-element_type=\"container\" data-e-type=\"container\">\n\t\t\t\t<div class=\"elementor-element elementor-element-b3d6f2b elementor-widget elementor-widget-text-editor\" data-id=\"b3d6f2b\" data-element_type=\"widget\" data-e-type=\"widget\" data-widget_type=\"text-editor.default\">\n\t\t\t\t<div class=\"elementor-widget-container\">\n\t\t\t\t\t\t\t\t\t<p>notre \u00e9cole s&rsquo;investit dans une sensibilisation \u00e0 l&rsquo;\u00e9cologie<\/p>\t\t\t\t\t\t\t\t<\/div>\n\t\t\t\t<\/div>\n\t\t\t\t<div class=\"elementor-element elementor-element-00f95ce elementor-widget elementor-widget-text-editor\" data-id=\"00f95ce\" data-element_type=\"widget\" data-e-type=\"widget\" data-widget_type=\"text-editor.default\">\n\t\t\t\t<div class=\"elementor-widget-container\">\n\t\t\t\t\t\t\t\t\t<p><strong>NOUS VOULONS&#8230;<br \/><\/strong>que tous les membres de l&rsquo;\u00e9cole s&rsquo;engagent \u00e0 respecter l&rsquo;environnement et \u00e0 poser des choix responsables<\/p>\t\t\t\t\t\t\t\t<\/div>\n\t\t\t\t<\/div>\n\t\t\t\t<\/div>\n\t\t\t\t\t<\/div>\n\t\t\t\t<\/div>\n\t\t<div class=\"elementor-element elementor-element-fb93448 e-flex e-con-boxed e-con e-parent\" data-id=\"fb93448\" data-element_type=\"container\" data-e-type=\"container\">\n\t\t\t\t\t<div class=\"e-con-inner\">\n\t\t<div class=\"elementor-element elementor-element-e498656 e-con-full e-flex e-con e-child\" data-id=\"e498656\" data-element_type=\"container\" data-e-type=\"container\">\n\t\t\t\t<div class=\"elementor-element elementor-element-34083c5 elementor-widget__width-initial elementor-widget elementor-widget-image\" data-id=\"34083c5\" data-element_type=\"widget\" data-e-type=\"widget\" data-widget_type=\"image.default\">\n\t\t\t\t<div class=\"elementor-widget-container\">\n\t\t\t\t\t\t\t\t\t\t\t\t\t\t\t<img loading=\"lazy\" decoding=\"async\" width=\"114\" height=\"279\" src=\"https:\/\/saintremaclestavelot.be\/secondaire\/wp-content\/uploads\/sites\/2\/2024\/05\/10.png\" class=\"attachment-medium size-medium wp-image-331\" alt=\"\" \/>\t\t\t\t\t\t\t\t\t\t\t\t\t\t\t<\/div>\n\t\t\t\t<\/div>\n\t\t\t\t<\/div>\n\t\t<div class=\"elementor-element elementor-element-97c7788 e-con-full e-flex e-con e-child\" data-id=\"97c7788\" data-element_type=\"container\" data-e-type=\"container\">\n\t\t\t\t<div class=\"elementor-element elementor-element-02bc674 elementor-widget elementor-widget-text-editor\" data-id=\"02bc674\" data-element_type=\"widget\" data-e-type=\"widget\" data-widget_type=\"text-editor.default\">\n\t\t\t\t<div class=\"elementor-widget-container\">\n\t\t\t\t\t\t\t\t\t<p>notre \u00e9cole sensibilise chacun \u00e0 l&rsquo;usage des nouvelles technologies, en veillant au respect de la vie priv\u00e9e<\/p>\t\t\t\t\t\t\t\t<\/div>\n\t\t\t\t<\/div>\n\t\t\t\t<div class=\"elementor-element elementor-element-a4fefe6 elementor-widget elementor-widget-text-editor\" data-id=\"a4fefe6\" data-element_type=\"widget\" data-e-type=\"widget\" data-widget_type=\"text-editor.default\">\n\t\t\t\t<div class=\"elementor-widget-container\">\n\t\t\t\t\t\t\t\t\t<p><strong>NOUS VOULONS&#8230;<br><\/strong><\/p>\n<ul>\n<li>que chaque \u00e9l\u00e8ve puisse se familiariser avec les nouvelles technologies et les nouveaux logiciels<\/li>\n<li>que chacun soit sensibilis\u00e9 \u00e0 un code de bonne conduite dans l&rsquo;utilisation des diff\u00e9rents moyens de communication et des r\u00e9seaux sociaux.<\/li>\n<\/ul>\t\t\t\t\t\t\t\t<\/div>\n\t\t\t\t<\/div>\n\t\t\t\t<\/div>\n\t\t\t\t\t<\/div>\n\t\t\t\t<\/div>\n\t\t\t\t<\/div>\n\t\t","protected":false},"excerpt":{"rendered":"<p>PROJET D\u2019\u00c9TABLISSEMENT NOTRE \u00c9COLE SOUHAITE QUE CHAQUE \u00c9L\u00c8VE PUISSE \u00c9LABORER SON PROJET PERSONNEL ET S&rsquo;ORIENTER AU MIEUX. NOUS VOULONS&#8230;que chaque \u00e9l\u00e8ves, tout au long de son parcours scolaire, ait une id\u00e9e de son avenir et fasse \u00e9galement son meilleur choix d&rsquo;orientation. NOTRE \u00c9COLE AM\u00c8NE CHAQUE \u00c9L\u00c8VE \u00c0 PRENDRE DES RESPONSABILIT\u00c9S ET \u00c0 D\u00c9VELOPPER SON AUTONOMIE. [&hellip;]<\/p>\n","protected":false},"author":1,"featured_media":0,"parent":277,"menu_order":0,"comment_status":"closed","ping_status":"closed","template":"","meta":{"iawp_total_views":236,"footnotes":""},"class_list":["post-316","page","type-page","status-publish","hentry"],"_links":{"self":[{"href":"https:\/\/saintremaclestavelot.be\/secondaire\/wp-json\/wp\/v2\/pages\/316","targetHints":{"allow":["GET"]}}],"collection":[{"href":"https:\/\/saintremaclestavelot.be\/secondaire\/wp-json\/wp\/v2\/pages"}],"about":[{"href":"https:\/\/saintremaclestavelot.be\/secondaire\/wp-json\/wp\/v2\/types\/page"}],"author":[{"embeddable":true,"href":"https:\/\/saintremaclestavelot.be\/secondaire\/wp-json\/wp\/v2\/users\/1"}],"replies":[{"embeddable":true,"href":"https:\/\/saintremaclestavelot.be\/secondaire\/wp-json\/wp\/v2\/comments?post=316"}],"version-history":[{"count":49,"href":"https:\/\/saintremaclestavelot.be\/secondaire\/wp-json\/wp\/v2\/pages\/316\/revisions"}],"predecessor-version":[{"id":8174,"href":"https:\/\/saintremaclestavelot.be\/secondaire\/wp-json\/wp\/v2\/pages\/316\/revisions\/8174"}],"up":[{"embeddable":true,"href":"https:\/\/saintremaclestavelot.be\/secondaire\/wp-json\/wp\/v2\/pages\/277"}],"wp:attachment":[{"href":"https:\/\/saintremaclestavelot.be\/secondaire\/wp-json\/wp\/v2\/media?parent=316"}],"curies":[{"name":"wp","href":"https:\/\/api.w.org\/{rel}","templated":true}]}}