{"id":226,"date":"2024-05-13T10:38:23","date_gmt":"2024-05-13T08:38:23","guid":{"rendered":"https:\/\/dev.cssr.be\/secondaire\/?page_id=226"},"modified":"2025-07-07T07:37:58","modified_gmt":"2025-07-07T05:37:58","slug":"associations-de-parents","status":"publish","type":"page","link":"https:\/\/saintremaclestavelot.be\/secondaire\/notre-ecole\/associations-de-parents\/","title":{"rendered":"Associations des parents &amp; des anciens"},"content":{"rendered":"\t\t<div data-elementor-type=\"wp-page\" data-elementor-id=\"226\" class=\"elementor elementor-226\" data-elementor-post-type=\"page\">\n\t\t\t\t<div class=\"elementor-element elementor-element-caebf6e e-flex e-con-boxed e-con e-parent\" data-id=\"caebf6e\" data-element_type=\"container\" data-e-type=\"container\">\n\t\t\t\t\t<div class=\"e-con-inner\">\n\t\t\t\t<div class=\"elementor-element elementor-element-6287960 elementor-widget elementor-widget-spacer\" data-id=\"6287960\" data-element_type=\"widget\" data-e-type=\"widget\" data-widget_type=\"spacer.default\">\n\t\t\t\t<div class=\"elementor-widget-container\">\n\t\t\t\t\t\t\t<div class=\"elementor-spacer\">\n\t\t\t<div class=\"elementor-spacer-inner\"><\/div>\n\t\t<\/div>\n\t\t\t\t\t\t<\/div>\n\t\t\t\t<\/div>\n\t\t\t\t<div class=\"elementor-element elementor-element-ad6decd elementor-widget elementor-widget-heading\" data-id=\"ad6decd\" data-element_type=\"widget\" data-e-type=\"widget\" data-widget_type=\"heading.default\">\n\t\t\t\t<div class=\"elementor-widget-container\">\n\t\t\t\t\t<h1 class=\"elementor-heading-title elementor-size-default\">Association des parents &amp; des anciens \u00e9l\u00e8ves<\/h1>\t\t\t\t<\/div>\n\t\t\t\t<\/div>\n\t\t\t\t\t<\/div>\n\t\t\t\t<\/div>\n\t\t<div class=\"elementor-element elementor-element-9ebd733 e-flex e-con-boxed e-con e-parent\" data-id=\"9ebd733\" data-element_type=\"container\" data-e-type=\"container\">\n\t\t\t\t\t<div class=\"e-con-inner\">\n\t\t<div class=\"elementor-element elementor-element-0d37504 e-flex e-con-boxed e-con e-child\" data-id=\"0d37504\" data-element_type=\"container\" data-e-type=\"container\">\n\t\t\t\t\t<div class=\"e-con-inner\">\n\t\t\t\t<div class=\"elementor-element elementor-element-712166b elementor-widget elementor-widget-heading\" data-id=\"712166b\" data-element_type=\"widget\" data-e-type=\"widget\" data-widget_type=\"heading.default\">\n\t\t\t\t<div class=\"elementor-widget-container\">\n\t\t\t\t\t<h2 class=\"elementor-heading-title elementor-size-default\">Associations des parents<\/h2>\t\t\t\t<\/div>\n\t\t\t\t<\/div>\n\t\t\t\t\t<\/div>\n\t\t\t\t<\/div>\n\t\t<div class=\"elementor-element elementor-element-b4da4db e-flex e-con-boxed e-con e-child\" data-id=\"b4da4db\" data-element_type=\"container\" data-e-type=\"container\">\n\t\t\t\t\t<div class=\"e-con-inner\">\n\t\t<div class=\"elementor-element elementor-element-b474509 e-con-full e-flex e-con e-child\" data-id=\"b474509\" data-element_type=\"container\" data-e-type=\"container\">\n\t\t\t\t<div class=\"elementor-element elementor-element-b1a08b6 elementor-widget elementor-widget-text-editor\" data-id=\"b1a08b6\" data-element_type=\"widget\" data-e-type=\"widget\" data-widget_type=\"text-editor.default\">\n\t\t\t\t<div class=\"elementor-widget-container\">\n\t\t\t\t\t\t\t\t\t<p>L&rsquo;association a comme d\u00e9sir d&rsquo;oeuvrer \u00e0 l&rsquo;\u00e9panouissement de tous les \u00e9l\u00e8ves. Elle prend une part active au sein du Conseil de Participcation en collaborant avec la direction, les enseignants et les \u00e9l\u00e8ves du Coll\u00e8ge. En y consacrant un minimum de temps, la rencontre des id\u00e9es des parents entra\u00eenera un dynamisme communicatif. Elle est int\u00e9ress\u00e9e par les r\u00e9alit\u00e9s v\u00e9cues par les enfants et concr\u00e9tise activement des actions relatives aux apprentissages des jeunes. C&rsquo;est pourquoi elle ouvre le dialogue \u00e0 tous. L&rsquo;association esp\u00e8res le soutien des parents<\/p>\t\t\t\t\t\t\t\t<\/div>\n\t\t\t\t<\/div>\n\t\t\t\t<\/div>\n\t\t<div class=\"elementor-element elementor-element-8680fd5 e-con-full e-flex e-con e-child\" data-id=\"8680fd5\" data-element_type=\"container\" data-e-type=\"container\">\n\t\t\t\t<div class=\"elementor-element elementor-element-de976de elementor-widget elementor-widget-text-editor\" data-id=\"de976de\" data-element_type=\"widget\" data-e-type=\"widget\" data-widget_type=\"text-editor.default\">\n\t\t\t\t<div class=\"elementor-widget-container\">\n\t\t\t\t\t\t\t\t\t<h3>Contact<\/h3><p>Bureau<\/p><p>Madame Joane MATHIEU (Pr\u00e9sidente)<br \/>joane.mathieu@hotmail.com<\/p><p>Compte de l&rsquo;association : BE48 2480 4342 6627<\/p>\t\t\t\t\t\t\t\t<\/div>\n\t\t\t\t<\/div>\n\t\t\t\t<\/div>\n\t\t\t\t\t<\/div>\n\t\t\t\t<\/div>\n\t\t\t\t\t<\/div>\n\t\t\t\t<\/div>\n\t\t<div class=\"elementor-element elementor-element-bb8a51f e-flex e-con-boxed e-con e-parent\" data-id=\"bb8a51f\" data-element_type=\"container\" data-e-type=\"container\">\n\t\t\t\t\t<div class=\"e-con-inner\">\n\t\t<div class=\"elementor-element elementor-element-fd7ab2b e-flex e-con-boxed e-con e-child\" data-id=\"fd7ab2b\" data-element_type=\"container\" data-e-type=\"container\">\n\t\t\t\t\t<div class=\"e-con-inner\">\n\t\t\t\t<div class=\"elementor-element elementor-element-f4d79b6 elementor-widget elementor-widget-heading\" data-id=\"f4d79b6\" data-element_type=\"widget\" data-e-type=\"widget\" data-widget_type=\"heading.default\">\n\t\t\t\t<div class=\"elementor-widget-container\">\n\t\t\t\t\t<h2 class=\"elementor-heading-title elementor-size-default\">Associations des anciens \u00e9l\u00e8ves<\/h2>\t\t\t\t<\/div>\n\t\t\t\t<\/div>\n\t\t\t\t\t<\/div>\n\t\t\t\t<\/div>\n\t\t<div class=\"elementor-element elementor-element-2f60d24 e-flex e-con-boxed e-con e-child\" data-id=\"2f60d24\" data-element_type=\"container\" data-e-type=\"container\">\n\t\t\t\t\t<div class=\"e-con-inner\">\n\t\t<div class=\"elementor-element elementor-element-bea3e4c e-con-full e-flex e-con e-child\" data-id=\"bea3e4c\" data-element_type=\"container\" data-e-type=\"container\">\n\t\t\t\t<div class=\"elementor-element elementor-element-6a892ff elementor-widget elementor-widget-text-editor\" data-id=\"6a892ff\" data-element_type=\"widget\" data-e-type=\"widget\" data-widget_type=\"text-editor.default\">\n\t\t\t\t<div class=\"elementor-widget-container\">\n\t\t\t\t\t\t\t\t\t<p>L&rsquo;association a pour but d&rsquo;entretenir les bonnes relations form\u00e9es pendant les ann\u00e9es d&rsquo;\u00e9tudes entre ma\u00eetres et \u00e9l\u00e8ves, de cr\u00e9er et de maintenir entre tous les membres des rapports d&rsquo;amiti\u00e9, d&rsquo;aider toute \u0153uvre ou activit\u00e9s int\u00e9ressant le Coll\u00e8ge, de travailler \u00e0 sa renomm\u00e9e et \u00e0 sa prosp\u00e9rit\u00e9.<\/p>\t\t\t\t\t\t\t\t<\/div>\n\t\t\t\t<\/div>\n\t\t\t\t<\/div>\n\t\t<div class=\"elementor-element elementor-element-1d59d99 e-con-full e-flex e-con e-child\" data-id=\"1d59d99\" data-element_type=\"container\" data-e-type=\"container\">\n\t\t\t\t<div class=\"elementor-element elementor-element-cc4ffd7 elementor-widget elementor-widget-text-editor\" data-id=\"cc4ffd7\" data-element_type=\"widget\" data-e-type=\"widget\" data-widget_type=\"text-editor.default\">\n\t\t\t\t<div class=\"elementor-widget-container\">\n\t\t\t\t\t\t\t\t\t<h3>Contact<\/h3><p>Bureau<\/p><p>Aur\u00e9lie Baudoin &amp; Michael Mathieu<br \/>sedir@cssr.be<br \/>080\/89.20.60<\/p><p>Compte de l&rsquo;association : BE13 7925 3452 6939<\/p>\t\t\t\t\t\t\t\t<\/div>\n\t\t\t\t<\/div>\n\t\t\t\t<\/div>\n\t\t\t\t\t<\/div>\n\t\t\t\t<\/div>\n\t\t\t\t\t<\/div>\n\t\t\t\t<\/div>\n\t\t\t\t<\/div>\n\t\t","protected":false},"excerpt":{"rendered":"<p>Association des parents &amp; des anciens \u00e9l\u00e8ves Associations des parents L&rsquo;association a comme d\u00e9sir d&rsquo;oeuvrer \u00e0 l&rsquo;\u00e9panouissement de tous les \u00e9l\u00e8ves. Elle prend une part active au sein du Conseil de Participcation en collaborant avec la direction, les enseignants et les \u00e9l\u00e8ves du Coll\u00e8ge. En y consacrant un minimum de temps, la rencontre des id\u00e9es [&hellip;]<\/p>\n","protected":false},"author":1,"featured_media":0,"parent":218,"menu_order":0,"comment_status":"closed","ping_status":"closed","template":"","meta":{"iawp_total_views":394,"footnotes":""},"class_list":["post-226","page","type-page","status-publish","hentry"],"_links":{"self":[{"href":"https:\/\/saintremaclestavelot.be\/secondaire\/wp-json\/wp\/v2\/pages\/226","targetHints":{"allow":["GET"]}}],"collection":[{"href":"https:\/\/saintremaclestavelot.be\/secondaire\/wp-json\/wp\/v2\/pages"}],"about":[{"href":"https:\/\/saintremaclestavelot.be\/secondaire\/wp-json\/wp\/v2\/types\/page"}],"author":[{"embeddable":true,"href":"https:\/\/saintremaclestavelot.be\/secondaire\/wp-json\/wp\/v2\/users\/1"}],"replies":[{"embeddable":true,"href":"https:\/\/saintremaclestavelot.be\/secondaire\/wp-json\/wp\/v2\/comments?post=226"}],"version-history":[{"count":26,"href":"https:\/\/saintremaclestavelot.be\/secondaire\/wp-json\/wp\/v2\/pages\/226\/revisions"}],"predecessor-version":[{"id":8979,"href":"https:\/\/saintremaclestavelot.be\/secondaire\/wp-json\/wp\/v2\/pages\/226\/revisions\/8979"}],"up":[{"embeddable":true,"href":"https:\/\/saintremaclestavelot.be\/secondaire\/wp-json\/wp\/v2\/pages\/218"}],"wp:attachment":[{"href":"https:\/\/saintremaclestavelot.be\/secondaire\/wp-json\/wp\/v2\/media?parent=226"}],"curies":[{"name":"wp","href":"https:\/\/api.w.org\/{rel}","templated":true}]}}

<div data-elementor-type="wp-page" data-elementor-id="226" class="elementor elementor-226" data-elementor-post-type="page">
				<div class="elementor-element elementor-element-caebf6e e-flex e-con-boxed e-con e-parent" data-id="caebf6e" data-element_type="container" data-e-type="container">
					<div class="e-con-inner">
				<div class="elementor-element elementor-element-6287960 elementor-widget elementor-widget-spacer" data-id="6287960" data-element_type="widget" data-e-type="widget" data-widget_type="spacer.default">
				<div class="elementor-widget-container">
							<div class="elementor-spacer">
			<div class="elementor-spacer-inner"></div>
		</div>
						</div>
				</div>
				<div class="elementor-element elementor-element-ad6decd elementor-widget elementor-widget-heading" data-id="ad6decd" data-element_type="widget" data-e-type="widget" data-widget_type="heading.default">
				<div class="elementor-widget-container">
					<h1 class="elementor-heading-title elementor-size-default">Association des parents &amp; des anciens élèves</h1>				</div>
				</div>
					</div>
				</div>
		<div class="elementor-element elementor-element-9ebd733 e-flex e-con-boxed e-con e-parent" data-id="9ebd733" data-element_type="container" data-e-type="container">
					<div class="e-con-inner">
		<div class="elementor-element elementor-element-0d37504 e-flex e-con-boxed e-con e-child" data-id="0d37504" data-element_type="container" data-e-type="container">
					<div class="e-con-inner">
				<div class="elementor-element elementor-element-712166b elementor-widget elementor-widget-heading" data-id="712166b" data-element_type="widget" data-e-type="widget" data-widget_type="heading.default">
				<div class="elementor-widget-container">
					<h2 class="elementor-heading-title elementor-size-default">Associations des parents</h2>				</div>
				</div>
					</div>
				</div>
		<div class="elementor-element elementor-element-b4da4db e-flex e-con-boxed e-con e-child" data-id="b4da4db" data-element_type="container" data-e-type="container">
					<div class="e-con-inner">
		<div class="elementor-element elementor-element-b474509 e-con-full e-flex e-con e-child" data-id="b474509" data-element_type="container" data-e-type="container">
				<div class="elementor-element elementor-element-b1a08b6 elementor-widget elementor-widget-text-editor" data-id="b1a08b6" data-element_type="widget" data-e-type="widget" data-widget_type="text-editor.default">
				<div class="elementor-widget-container">
									<p>L&rsquo;association a comme désir d&rsquo;oeuvrer à l&rsquo;épanouissement de tous les élèves. Elle prend une part active au sein du Conseil de Participcation en collaborant avec la direction, les enseignants et les élèves du Collège. En y consacrant un minimum de temps, la rencontre des idées des parents entraînera un dynamisme communicatif. Elle est intéressée par les réalités vécues par les enfants et concrétise activement des actions relatives aux apprentissages des jeunes. C&rsquo;est pourquoi elle ouvre le dialogue à tous. L&rsquo;association espères le soutien des parents</p>								</div>
				</div>
				</div>
		<div class="elementor-element elementor-element-8680fd5 e-con-full e-flex e-con e-child" data-id="8680fd5" data-element_type="container" data-e-type="container">
				<div class="elementor-element elementor-element-de976de elementor-widget elementor-widget-text-editor" data-id="de976de" data-element_type="widget" data-e-type="widget" data-widget_type="text-editor.default">
				<div class="elementor-widget-container">
									<h3>Contact</h3><p>Bureau</p><p>Madame Joane MATHIEU (Présidente)<br />joane.mathieu@hotmail.com</p><p>Compte de l&rsquo;association : BE48 2480 4342 6627</p>								</div>
				</div>
				</div>
					</div>
				</div>
					</div>
				</div>
		<div class="elementor-element elementor-element-bb8a51f e-flex e-con-boxed e-con e-parent" data-id="bb8a51f" data-element_type="container" data-e-type="container">
					<div class="e-con-inner">
		<div class="elementor-element elementor-element-fd7ab2b e-flex e-con-boxed e-con e-child" data-id="fd7ab2b" data-element_type="container" data-e-type="container">
					<div class="e-con-inner">
				<div class="elementor-element elementor-element-f4d79b6 elementor-widget elementor-widget-heading" data-id="f4d79b6" data-element_type="widget" data-e-type="widget" data-widget_type="heading.default">
				<div class="elementor-widget-container">
					<h2 class="elementor-heading-title elementor-size-default">Associations des anciens élèves</h2>				</div>
				</div>
					</div>
				</div>
		<div class="elementor-element elementor-element-2f60d24 e-flex e-con-boxed e-con e-child" data-id="2f60d24" data-element_type="container" data-e-type="container">
					<div class="e-con-inner">
		<div class="elementor-element elementor-element-bea3e4c e-con-full e-flex e-con e-child" data-id="bea3e4c" data-element_type="container" data-e-type="container">
				<div class="elementor-element elementor-element-6a892ff elementor-widget elementor-widget-text-editor" data-id="6a892ff" data-element_type="widget" data-e-type="widget" data-widget_type="text-editor.default">
				<div class="elementor-widget-container">
									<p>L&rsquo;association a pour but d&rsquo;entretenir les bonnes relations formées pendant les années d&rsquo;études entre maîtres et élèves, de créer et de maintenir entre tous les membres des rapports d&rsquo;amitié, d&rsquo;aider toute œuvre ou activités intéressant le Collège, de travailler à sa renommée et à sa prospérité.</p>								</div>
				</div>
				</div>
		<div class="elementor-element elementor-element-1d59d99 e-con-full e-flex e-con e-child" data-id="1d59d99" data-element_type="container" data-e-type="container">
				<div class="elementor-element elementor-element-cc4ffd7 elementor-widget elementor-widget-text-editor" data-id="cc4ffd7" data-element_type="widget" data-e-type="widget" data-widget_type="text-editor.default">
				<div class="elementor-widget-container">
									<h3>Contact</h3><p>Bureau</p><p>Aurélie Baudoin &amp; Michael Mathieu<br />sedir@cssr.be<br />080/89.20.60</p><p>Compte de l&rsquo;association : BE13 7925 3452 6939</p>								</div>
				</div>
				</div>
					</div>
				</div>
					</div>
				</div>
				</div>

<p>Association des parents &amp; des anciens élèves Associations des parents L&rsquo;association a comme désir d&rsquo;oeuvrer à l&rsquo;épanouissement de tous les élèves. Elle prend une part active au sein du Conseil de Participcation en collaborant avec la direction, les enseignants et les élèves du Collège. En y consacrant un minimum de temps, la rencontre des idées [&hellip;]</p>
