{"id":224,"date":"2024-05-13T10:38:09","date_gmt":"2024-05-13T08:38:09","guid":{"rendered":"https:\/\/dev.cssr.be\/secondaire\/?page_id=224"},"modified":"2025-04-17T09:30:14","modified_gmt":"2025-04-17T07:30:14","slug":"p-m-s","status":"publish","type":"page","link":"https:\/\/saintremaclestavelot.be\/secondaire\/notre-ecole\/p-m-s\/","title":{"rendered":"P.M.S."},"content":{"rendered":"\t\t<div data-elementor-type=\"wp-page\" data-elementor-id=\"224\" class=\"elementor elementor-224\" data-elementor-post-type=\"page\">\n\t\t\t\t<div class=\"elementor-element elementor-element-8f4cf64 e-flex e-con-boxed e-con e-parent\" data-id=\"8f4cf64\" data-element_type=\"container\" data-e-type=\"container\">\n\t\t\t\t\t<div class=\"e-con-inner\">\n\t\t\t\t<div class=\"elementor-element elementor-element-b7834f7 elementor-widget elementor-widget-spacer\" data-id=\"b7834f7\" data-element_type=\"widget\" data-e-type=\"widget\" data-widget_type=\"spacer.default\">\n\t\t\t\t<div class=\"elementor-widget-container\">\n\t\t\t\t\t\t\t<div class=\"elementor-spacer\">\n\t\t\t<div class=\"elementor-spacer-inner\"><\/div>\n\t\t<\/div>\n\t\t\t\t\t\t<\/div>\n\t\t\t\t<\/div>\n\t\t\t\t<div class=\"elementor-element elementor-element-e5b2dec elementor-widget elementor-widget-heading\" data-id=\"e5b2dec\" data-element_type=\"widget\" data-e-type=\"widget\" data-widget_type=\"heading.default\">\n\t\t\t\t<div class=\"elementor-widget-container\">\n\t\t\t\t\t<h1 class=\"elementor-heading-title elementor-size-default\">Centre Psycho-M\u00e9dico-Sociaux<\/h1>\t\t\t\t<\/div>\n\t\t\t\t<\/div>\n\t\t\t\t\t<\/div>\n\t\t\t\t<\/div>\n\t\t<div class=\"elementor-element elementor-element-db86f73 e-flex e-con-boxed e-con e-parent\" data-id=\"db86f73\" data-element_type=\"container\" data-e-type=\"container\">\n\t\t\t\t\t<div class=\"e-con-inner\">\n\t\t<div class=\"elementor-element elementor-element-a611c24 e-con-full e-flex e-con e-child\" data-id=\"a611c24\" data-element_type=\"container\" data-e-type=\"container\">\n\t\t\t\t<div class=\"elementor-element elementor-element-fd548fa elementor-widget elementor-widget-text-editor\" data-id=\"fd548fa\" data-element_type=\"widget\" data-e-type=\"widget\" data-widget_type=\"text-editor.default\">\n\t\t\t\t<div class=\"elementor-widget-container\">\n\t\t\t\t\t\t\t\t\t<p>Dans les \u00e9coles, en collaboration avec les directions, les enseignants et les \u00e9ducateurs, le centre PMS veut aider votre enfant \u00e0 faire face aux difficult\u00e9s qu&rsquo;il pourrait rencontrer.<\/p><p>Pour ce faire, il propose :<\/p><ul><li>des actions individuelles ou collectives destin\u00e9es \u00e0 d\u00e9velopper la capacit\u00e9 de vivre en groupe, la connaissance et l&rsquo;affirmation de soi<\/li><li>des entretiens avec les parents pour d\u00e9passer des difficult\u00e9s \u00e9ducatives<\/li><li>une aide en mati\u00e8re d&rsquo;orientation scolaire ainsi qu&rsquo;une information dans le domaine des \u00e9tudes et des professions.<\/li><\/ul>\t\t\t\t\t\t\t\t<\/div>\n\t\t\t\t<\/div>\n\t\t\t\t<div class=\"elementor-element elementor-element-954343a elementor-widget elementor-widget-button\" data-id=\"954343a\" data-element_type=\"widget\" data-e-type=\"widget\" data-widget_type=\"button.default\">\n\t\t\t\t<div class=\"elementor-widget-container\">\n\t\t\t\t\t\t\t\t\t<div class=\"elementor-button-wrapper\">\n\t\t\t\t\t<a class=\"elementor-button elementor-button-link elementor-size-sm\" href=\"https:\/\/www.cpmslibresverviers.be\/cpms-verviers3\/\" target=\"_blank\">\n\t\t\t\t\t\t<span class=\"elementor-button-content-wrapper\">\n\t\t\t\t\t\t<span class=\"elementor-button-icon\">\n\t\t\t\t<svg aria-hidden=\"true\" class=\"e-font-icon-svg e-fas-external-link-alt\" viewBox=\"0 0 512 512\" xmlns=\"http:\/\/www.w3.org\/2000\/svg\"><path d=\"M432,320H400a16,16,0,0,0-16,16V448H64V128H208a16,16,0,0,0,16-16V80a16,16,0,0,0-16-16H48A48,48,0,0,0,0,112V464a48,48,0,0,0,48,48H400a48,48,0,0,0,48-48V336A16,16,0,0,0,432,320ZM488,0h-128c-21.37,0-32.05,25.91-17,41l35.73,35.73L135,320.37a24,24,0,0,0,0,34L157.67,377a24,24,0,0,0,34,0L435.28,133.32,471,169c15,15,41,4.5,41-17V24A24,24,0,0,0,488,0Z\"><\/path><\/svg>\t\t\t<\/span>\n\t\t\t\t\t\t\t\t\t<span class=\"elementor-button-text\">Plus d'info sur cpmslibresverviers.be <\/span>\n\t\t\t\t\t<\/span>\n\t\t\t\t\t<\/a>\n\t\t\t\t<\/div>\n\t\t\t\t\t\t\t\t<\/div>\n\t\t\t\t<\/div>\n\t\t\t\t<\/div>\n\t\t<div class=\"elementor-element elementor-element-7af1120 e-con-full e-flex e-con e-child\" data-id=\"7af1120\" data-element_type=\"container\" data-e-type=\"container\">\n\t\t<div class=\"elementor-element elementor-element-9439609 e-flex e-con-boxed e-con e-child\" data-id=\"9439609\" data-element_type=\"container\" data-e-type=\"container\">\n\t\t\t\t\t<div class=\"e-con-inner\">\n\t\t\t\t<div class=\"elementor-element elementor-element-cd0f6c0 elementor-widget elementor-widget-image\" data-id=\"cd0f6c0\" data-element_type=\"widget\" data-e-type=\"widget\" data-widget_type=\"image.default\">\n\t\t\t\t<div class=\"elementor-widget-container\">\n\t\t\t\t\t\t\t\t\t\t\t\t\t\t\t<img decoding=\"async\" width=\"200\" height=\"102\" src=\"https:\/\/saintremaclestavelot.be\/secondaire\/wp-content\/uploads\/sites\/2\/2024\/05\/logo-asbl-CPMS-VV3-400-200x102-1.png\" class=\"attachment-large size-large wp-image-430\" alt=\"\" \/>\t\t\t\t\t\t\t\t\t\t\t\t\t\t\t<\/div>\n\t\t\t\t<\/div>\n\t\t\t\t\t<\/div>\n\t\t\t\t<\/div>\n\t\t<div class=\"elementor-element elementor-element-567dd97 e-flex e-con-boxed e-con e-child\" data-id=\"567dd97\" data-element_type=\"container\" data-e-type=\"container\">\n\t\t\t\t\t<div class=\"e-con-inner\">\n\t\t\t\t<div class=\"elementor-element elementor-element-dcc0fb4 elementor-widget elementor-widget-google_maps\" data-id=\"dcc0fb4\" data-element_type=\"widget\" data-e-type=\"widget\" data-widget_type=\"google_maps.default\">\n\t\t\t\t<div class=\"elementor-widget-container\">\n\t\t\t\t\t\t\t<div class=\"elementor-custom-embed\">\n\t\t\t<iframe loading=\"lazy\"\n\t\t\t\t\tsrc=\"https:\/\/maps.google.com\/maps?q=32%2C%20rue%20Laoureux%204800%20VERVIERS&#038;t=m&#038;z=15&#038;output=embed&#038;iwloc=near\"\n\t\t\t\t\ttitle=\"32, rue Laoureux 4800 VERVIERS\"\n\t\t\t\t\taria-label=\"32, rue Laoureux 4800 VERVIERS\"\n\t\t\t><\/iframe>\n\t\t<\/div>\n\t\t\t\t\t\t<\/div>\n\t\t\t\t<\/div>\n\t\t\t\t\t<\/div>\n\t\t\t\t<\/div>\n\t\t\t\t<\/div>\n\t\t\t\t\t<\/div>\n\t\t\t\t<\/div>\n\t\t<div class=\"elementor-element elementor-element-8f24c7e e-flex e-con-boxed e-con e-parent\" data-id=\"8f24c7e\" data-element_type=\"container\" data-e-type=\"container\">\n\t\t\t\t\t<div class=\"e-con-inner\">\n\t\t<div class=\"elementor-element elementor-element-c991efd e-con-full e-flex e-con e-child\" data-id=\"c991efd\" data-element_type=\"container\" data-e-type=\"container\">\n\t\t\t\t<div class=\"elementor-element elementor-element-ba9427f elementor-widget elementor-widget-heading\" data-id=\"ba9427f\" data-element_type=\"widget\" data-e-type=\"widget\" data-widget_type=\"heading.default\">\n\t\t\t\t<div class=\"elementor-widget-container\">\n\t\t\t\t\t<h2 class=\"elementor-heading-title elementor-size-default\">Les membres du CPMS dans notre \u00e9cole<\/h2>\t\t\t\t<\/div>\n\t\t\t\t<\/div>\n\t\t\t\t<\/div>\n\t\t<div class=\"elementor-element elementor-element-85d487e e-con-full e-flex e-con e-child\" data-id=\"85d487e\" data-element_type=\"container\" data-e-type=\"container\">\n\t\t\t\t<div class=\"elementor-element elementor-element-cc2bc43 elementor-widget elementor-widget-image\" data-id=\"cc2bc43\" data-element_type=\"widget\" data-e-type=\"widget\" data-widget_type=\"image.default\">\n\t\t\t\t<div class=\"elementor-widget-container\">\n\t\t\t\t\t\t\t\t\t\t\t\t\t\t\t<img decoding=\"async\" src=\"https:\/\/www.cpmslibresverviers.be\/wp-content\/uploads\/2020\/10\/Pauline-HENRARD-C3-400x400.jpg\" title=\"\" alt=\"\" loading=\"lazy\" \/>\t\t\t\t\t\t\t\t\t\t\t\t\t\t\t<\/div>\n\t\t\t\t<\/div>\n\t\t\t\t<div class=\"elementor-element elementor-element-866580c elementor-widget elementor-widget-text-editor\" data-id=\"866580c\" data-element_type=\"widget\" data-e-type=\"widget\" data-widget_type=\"text-editor.default\">\n\t\t\t\t<div class=\"elementor-widget-container\">\n\t\t\t\t\t\t\t\t\t<p><strong>Pauline HENRARD<br \/><\/strong>Assistante Sociale<\/p><p>0499 88 00 06<\/p>\t\t\t\t\t\t\t\t<\/div>\n\t\t\t\t<\/div>\n\t\t\t\t<\/div>\n\t\t<div class=\"elementor-element elementor-element-a082e95 e-con-full e-flex e-con e-child\" data-id=\"a082e95\" data-element_type=\"container\" data-e-type=\"container\">\n\t\t\t\t<div class=\"elementor-element elementor-element-f9032d6 elementor-widget elementor-widget-image\" data-id=\"f9032d6\" data-element_type=\"widget\" data-e-type=\"widget\" data-widget_type=\"image.default\">\n\t\t\t\t<div class=\"elementor-widget-container\">\n\t\t\t\t\t\t\t\t\t\t\t\t\t\t\t<img decoding=\"async\" src=\"https:\/\/www.cpmslibresverviers.be\/wp-content\/uploads\/2020\/10\/Screenshot_20210525_142637-400x416.jpg\" title=\"\" alt=\"\" loading=\"lazy\" \/>\t\t\t\t\t\t\t\t\t\t\t\t\t\t\t<\/div>\n\t\t\t\t<\/div>\n\t\t\t\t<div class=\"elementor-element elementor-element-3d30aee elementor-widget elementor-widget-text-editor\" data-id=\"3d30aee\" data-element_type=\"widget\" data-e-type=\"widget\" data-widget_type=\"text-editor.default\">\n\t\t\t\t<div class=\"elementor-widget-container\">\n\t\t\t\t\t\t\t\t\t<p><strong>Yannick DE GRAAFF<br \/><\/strong>Psychologue<\/p><p>0488 76 24 86<\/p>\t\t\t\t\t\t\t\t<\/div>\n\t\t\t\t<\/div>\n\t\t\t\t<\/div>\n\t\t\t\t\t<\/div>\n\t\t\t\t<\/div>\n\t\t\t\t<\/div>\n\t\t","protected":false},"excerpt":{"rendered":"<p>Centre Psycho-M\u00e9dico-Sociaux Dans les \u00e9coles, en collaboration avec les directions, les enseignants et les \u00e9ducateurs, le centre PMS veut aider votre enfant \u00e0 faire face aux difficult\u00e9s qu&rsquo;il pourrait rencontrer. Pour ce faire, il propose : des actions individuelles ou collectives destin\u00e9es \u00e0 d\u00e9velopper la capacit\u00e9 de vivre en groupe, la connaissance et l&rsquo;affirmation de [&hellip;]<\/p>\n","protected":false},"author":1,"featured_media":0,"parent":218,"menu_order":0,"comment_status":"closed","ping_status":"closed","template":"","meta":{"iawp_total_views":298,"footnotes":""},"class_list":["post-224","page","type-page","status-publish","hentry"],"_links":{"self":[{"href":"https:\/\/saintremaclestavelot.be\/secondaire\/wp-json\/wp\/v2\/pages\/224","targetHints":{"allow":["GET"]}}],"collection":[{"href":"https:\/\/saintremaclestavelot.be\/secondaire\/wp-json\/wp\/v2\/pages"}],"about":[{"href":"https:\/\/saintremaclestavelot.be\/secondaire\/wp-json\/wp\/v2\/types\/page"}],"author":[{"embeddable":true,"href":"https:\/\/saintremaclestavelot.be\/secondaire\/wp-json\/wp\/v2\/users\/1"}],"replies":[{"embeddable":true,"href":"https:\/\/saintremaclestavelot.be\/secondaire\/wp-json\/wp\/v2\/comments?post=224"}],"version-history":[{"count":34,"href":"https:\/\/saintremaclestavelot.be\/secondaire\/wp-json\/wp\/v2\/pages\/224\/revisions"}],"predecessor-version":[{"id":8426,"href":"https:\/\/saintremaclestavelot.be\/secondaire\/wp-json\/wp\/v2\/pages\/224\/revisions\/8426"}],"up":[{"embeddable":true,"href":"https:\/\/saintremaclestavelot.be\/secondaire\/wp-json\/wp\/v2\/pages\/218"}],"wp:attachment":[{"href":"https:\/\/saintremaclestavelot.be\/secondaire\/wp-json\/wp\/v2\/media?parent=224"}],"curies":[{"name":"wp","href":"https:\/\/api.w.org\/{rel}","templated":true}]}}

<div data-elementor-type="wp-page" data-elementor-id="224" class="elementor elementor-224" data-elementor-post-type="page">
				<div class="elementor-element elementor-element-8f4cf64 e-flex e-con-boxed e-con e-parent" data-id="8f4cf64" data-element_type="container" data-e-type="container">
					<div class="e-con-inner">
				<div class="elementor-element elementor-element-b7834f7 elementor-widget elementor-widget-spacer" data-id="b7834f7" data-element_type="widget" data-e-type="widget" data-widget_type="spacer.default">
				<div class="elementor-widget-container">
							<div class="elementor-spacer">
			<div class="elementor-spacer-inner"></div>
		</div>
						</div>
				</div>
				<div class="elementor-element elementor-element-e5b2dec elementor-widget elementor-widget-heading" data-id="e5b2dec" data-element_type="widget" data-e-type="widget" data-widget_type="heading.default">
				<div class="elementor-widget-container">
					<h1 class="elementor-heading-title elementor-size-default">Centre Psycho-Médico-Sociaux</h1>				</div>
				</div>
					</div>
				</div>
		<div class="elementor-element elementor-element-db86f73 e-flex e-con-boxed e-con e-parent" data-id="db86f73" data-element_type="container" data-e-type="container">
					<div class="e-con-inner">
		<div class="elementor-element elementor-element-a611c24 e-con-full e-flex e-con e-child" data-id="a611c24" data-element_type="container" data-e-type="container">
				<div class="elementor-element elementor-element-fd548fa elementor-widget elementor-widget-text-editor" data-id="fd548fa" data-element_type="widget" data-e-type="widget" data-widget_type="text-editor.default">
				<div class="elementor-widget-container">
									<p>Dans les écoles, en collaboration avec les directions, les enseignants et les éducateurs, le centre PMS veut aider votre enfant à faire face aux difficultés qu&rsquo;il pourrait rencontrer.</p><p>Pour ce faire, il propose :</p><ul><li>des actions individuelles ou collectives destinées à développer la capacité de vivre en groupe, la connaissance et l&rsquo;affirmation de soi</li><li>des entretiens avec les parents pour dépasser des difficultés éducatives</li><li>une aide en matière d&rsquo;orientation scolaire ainsi qu&rsquo;une information dans le domaine des études et des professions.</li></ul>								</div>
				</div>
				<div class="elementor-element elementor-element-954343a elementor-widget elementor-widget-button" data-id="954343a" data-element_type="widget" data-e-type="widget" data-widget_type="button.default">
				<div class="elementor-widget-container">
									<div class="elementor-button-wrapper">
					<a class="elementor-button elementor-button-link elementor-size-sm" href="https://www.cpmslibresverviers.be/cpms-verviers3/" target="_blank">
						<span class="elementor-button-content-wrapper">
						<span class="elementor-button-icon">
				<svg aria-hidden="true" class="e-font-icon-svg e-fas-external-link-alt" viewBox="0 0 512 512" xmlns="http://www.w3.org/2000/svg"><path d="M432,320H400a16,16,0,0,0-16,16V448H64V128H208a16,16,0,0,0,16-16V80a16,16,0,0,0-16-16H48A48,48,0,0,0,0,112V464a48,48,0,0,0,48,48H400a48,48,0,0,0,48-48V336A16,16,0,0,0,432,320ZM488,0h-128c-21.37,0-32.05,25.91-17,41l35.73,35.73L135,320.37a24,24,0,0,0,0,34L157.67,377a24,24,0,0,0,34,0L435.28,133.32,471,169c15,15,41,4.5,41-17V24A24,24,0,0,0,488,0Z"></path></svg>			</span>
									<span class="elementor-button-text">Plus d'info sur cpmslibresverviers.be </span>
					</span>
					</a>
				</div>
								</div>
				</div>
				</div>
		<div class="elementor-element elementor-element-7af1120 e-con-full e-flex e-con e-child" data-id="7af1120" data-element_type="container" data-e-type="container">
		<div class="elementor-element elementor-element-9439609 e-flex e-con-boxed e-con e-child" data-id="9439609" data-element_type="container" data-e-type="container">
					<div class="e-con-inner">
				<div class="elementor-element elementor-element-cd0f6c0 elementor-widget elementor-widget-image" data-id="cd0f6c0" data-element_type="widget" data-e-type="widget" data-widget_type="image.default">
				<div class="elementor-widget-container">
															<img decoding="async" width="200" height="102" src="https://saintremaclestavelot.be/secondaire/wp-content/uploads/sites/2/2024/05/logo-asbl-CPMS-VV3-400-200x102-1.png" class="attachment-large size-large wp-image-430" alt="" />															</div>
				</div>
					</div>
				</div>
		<div class="elementor-element elementor-element-567dd97 e-flex e-con-boxed e-con e-child" data-id="567dd97" data-element_type="container" data-e-type="container">
					<div class="e-con-inner">
				<div class="elementor-element elementor-element-dcc0fb4 elementor-widget elementor-widget-google_maps" data-id="dcc0fb4" data-element_type="widget" data-e-type="widget" data-widget_type="google_maps.default">
				<div class="elementor-widget-container">
							<div class="elementor-custom-embed">
			<iframe loading="lazy"
					src="https://maps.google.com/maps?q=32%2C%20rue%20Laoureux%204800%20VERVIERS&#038;t=m&#038;z=15&#038;output=embed&#038;iwloc=near"
					title="32, rue Laoureux 4800 VERVIERS"
					aria-label="32, rue Laoureux 4800 VERVIERS"
			></iframe>
		</div>
						</div>
				</div>
					</div>
				</div>
				</div>
					</div>
				</div>
		<div class="elementor-element elementor-element-8f24c7e e-flex e-con-boxed e-con e-parent" data-id="8f24c7e" data-element_type="container" data-e-type="container">
					<div class="e-con-inner">
		<div class="elementor-element elementor-element-c991efd e-con-full e-flex e-con e-child" data-id="c991efd" data-element_type="container" data-e-type="container">
				<div class="elementor-element elementor-element-ba9427f elementor-widget elementor-widget-heading" data-id="ba9427f" data-element_type="widget" data-e-type="widget" data-widget_type="heading.default">
				<div class="elementor-widget-container">
					<h2 class="elementor-heading-title elementor-size-default">Les membres du CPMS dans notre école</h2>				</div>
				</div>
				</div>
		<div class="elementor-element elementor-element-85d487e e-con-full e-flex e-con e-child" data-id="85d487e" data-element_type="container" data-e-type="container">
				<div class="elementor-element elementor-element-cc2bc43 elementor-widget elementor-widget-image" data-id="cc2bc43" data-element_type="widget" data-e-type="widget" data-widget_type="image.default">
				<div class="elementor-widget-container">
															<img decoding="async" src="https://www.cpmslibresverviers.be/wp-content/uploads/2020/10/Pauline-HENRARD-C3-400x400.jpg" title="" alt="" loading="lazy" />															</div>
				</div>
				<div class="elementor-element elementor-element-866580c elementor-widget elementor-widget-text-editor" data-id="866580c" data-element_type="widget" data-e-type="widget" data-widget_type="text-editor.default">
				<div class="elementor-widget-container">
									<p><strong>Pauline HENRARD<br /></strong>Assistante Sociale</p><p>0499 88 00 06</p>								</div>
				</div>
				</div>
		<div class="elementor-element elementor-element-a082e95 e-con-full e-flex e-con e-child" data-id="a082e95" data-element_type="container" data-e-type="container">
				<div class="elementor-element elementor-element-f9032d6 elementor-widget elementor-widget-image" data-id="f9032d6" data-element_type="widget" data-e-type="widget" data-widget_type="image.default">
				<div class="elementor-widget-container">
															<img decoding="async" src="https://www.cpmslibresverviers.be/wp-content/uploads/2020/10/Screenshot_20210525_142637-400x416.jpg" title="" alt="" loading="lazy" />															</div>
				</div>
				<div class="elementor-element elementor-element-3d30aee elementor-widget elementor-widget-text-editor" data-id="3d30aee" data-element_type="widget" data-e-type="widget" data-widget_type="text-editor.default">
				<div class="elementor-widget-container">
									<p><strong>Yannick DE GRAAFF<br /></strong>Psychologue</p><p>0488 76 24 86</p>								</div>
				</div>
				</div>
					</div>
				</div>
				</div>

<p>Centre Psycho-Médico-Sociaux Dans les écoles, en collaboration avec les directions, les enseignants et les éducateurs, le centre PMS veut aider votre enfant à faire face aux difficultés qu&rsquo;il pourrait rencontrer. Pour ce faire, il propose : des actions individuelles ou collectives destinées à développer la capacité de vivre en groupe, la connaissance et l&rsquo;affirmation de [&hellip;]</p>
